 factors of n.
7, 83
Let m = 3718 + -2042. List the prime factors of m.
2, 419
Suppose 4*d + 2958 = 8410. What are the prime factors of d?
29, 47
Suppose 0 = 2*z + 2, 2*y + 4*z - 23 = -y. Suppose 2*u + h - 16 = 0, -48 + y = -5*u - 2*h. Suppose 11*i - 176 = u*i. What are the prime factors of i?
2, 11
Let d = -15 + 19. Let l(o) = 12*o + 1 + 5 - d*o. What are the prime factors of l(8)?
2, 5, 7
Let j(t) = t**2 + 2*t - 12. Let k(a) = -a**3 + 22*a**2 - 3*a + 55. Let u be k(22). What are the prime factors of j(u)?
3, 29
Suppose -3*s = -5*i + 2111, 2*s = 3*i - 226 - 1040. What are the prime factors of i?
2, 53
Let q(x) = x**3 - 2*x**2 + 31*x - 13. What are the prime factors of q(13)?
13, 173
Let i be 2 - (16/4 + -34). Let b(s) = 22 - 3 + s**3 - i*s + 20*s - 12*s**2. What are the prime factors of b(13)?
2
Let g be 2/((1/(-4))/1). Let b = 12 + g. Suppose -5*x = -3*x - b. What are the prime factors of x?
2
Let x = 90 - 79. Suppose -10*n + x*n = 67. What are the prime factors of n?
67
Suppose -4*p + 1923 = -u, p - 497 = -0*p - 3*u. Suppose -8*t = -478 - p. What are the prime factors of t?
2, 3, 5
Let m be 5 - (-1)/(-3 - 1 - -3). Suppose 0 = -c - 3*t + 150, 2*c - 3 = m*t + 277. List the prime factors of c.
2, 3
Let c(j) = -153*j - 132. List the prime factors of c(-2).
2, 3, 29
Let l = 893 + 4080. What are the prime factors of l?
4973
Let l(p) be the third derivative of p**4/24 + 17*p**3/6 + 2*p**2. Let i be l(-13). List the prime factors of (-100)/(-45) - i/18.
2
Let t(y) = 77*y**2 - 50*y + 234. List the prime factors of t(5).
23, 83
Let i be 12/(-16)*(-16)/6. Suppose -5*p = -i*p - 816. Suppose 2*c - c = 5*u - p, -3*u - 5*c + 152 = 0. List the prime factors of u.
2, 3
List the prime factors of 3/1*-1 - -133.
2, 5, 13
List the prime factors of (-6018)/(-18) + 4 + 40/(-12).
5, 67
Let o(d) = 10*d**3 + 8*d - 18. List the prime factors of o(5).
2, 3, 53
Suppose -2*v + 988 = -6*v. Let u = -148 - v. List the prime factors of u.
3, 11
Suppose -g + 10 = -3*g, 5 = 5*l - 4*g. List the prime factors of 22/l*60/(-8).
5, 11
Let u be (1/(-4))/(2/(-664)). Suppose -r - n - u = -3*r, 2*r - 98 = -2*n. Suppose 5*l - 11 - r = 0. What are the prime factors of l?
11
Suppose -4*z = -6*z - 2*h + 938, h - 943 = -2*z. What are the prime factors of z?
2, 3, 79
Suppose 0 = 2*m - 5*r - 481, -4*m = 2*r - 621 - 329. Let p = -127 + m. List the prime factors of p.
3, 37
Let t(z) = z**3 - 8*z**2 + 4*z + 6. Let b be t(7). Let g = b + 29. Suppose -3*p + 83 = g. What are the prime factors of p?
23
Let r(l) = l**2 - l - 4. Let b be r(3). Suppose -3*f + 14 = -b*f. What are the prime factors of (f - 1) + -4 + 1?
2, 5
Let b(r) = r**3 + r**2 + 522. What are the prime factors of b(0)?
2, 3, 29
Let o(i) = -53 + 20*i + 7*i - 32*i. List the prime factors of o(-11).
2
Suppose 15*m - 8325 = 1140. What are the prime factors of m?
631
Suppose 0 = 3*d - 15, 0*d + 4*d = -3*f + 1400. Let a = 681 - f. Suppose 0 = -4*s - 1 + a. What are the prime factors of s?
5, 11
Let h(w) = -w**2 + 24*w + 32. What are the prime factors of h(25)?
7
Suppose 5*s + 5*b - 20 = 0, -8*b - 4 = -3*s - 3*b. Suppose -3*j + 4*g + 514 = 0, -4*j + s*g + 350 = -333. What are the prime factors of j?
2, 5, 17
Suppose 2*u - 4*p - 2126 = 0, -p = -3*u + p + 3169. List the prime factors of u.
3, 13
Let o(m) = m**3 + 12*m**2 + 10*m + 3. Let j be o(-11). Let x = 123 - j. Suppose -5*b + x + 41 = 0. What are the prime factors of b?
2, 3, 5
Let o(h) = 35*h**2 - 7*h + 3. What are the prime factors of o(2)?
3, 43
Let y = -89 + 367. What are the prime factors of y?
2, 139
Let h be (-1 - 7)/(1 - (-5 + 4)). Let f be -12 - (1 + -1)/(-2). What are the prime factors of h/f - (-132)/9?
3, 5
Let r(i) be the second derivative of i**4/12 - 2*i**3/3 + 19*i**2/2 + 20*i. What are the prime factors of r(11)?
2, 3
Let g(w) = 4*w**2 - 3*w - 7. Suppose 3*p - y - 4*y - 11 = 0, -2*p + 3*y + 6 = 0. List the prime factors of g(p).
2, 19
Let f(t) = -3*t + 4*t + 0*t + 70*t**2. List the prime factors of f(-1).
3, 23
Let a(o) be the first derivative of 3 + 5/2*o**2 + 16*o - 1/3*o**3. List the prime factors of a(7).
2
Suppose 5*z + 6675 = 2*i, 3*i + 3*z - 7*z - 10002 = 0. What are the prime factors of i?
2, 3, 5, 37
Suppose -f + 18 = 5*f. Suppose 2*n - 64 = -v, -2*v + 6*v - 234 = f*n. List the prime factors of v.
2, 3, 5
Let x = -20 + 47. Suppose -3*t + 51 + x = 0. List the prime factors of t.
2, 13
Let d(s) = -2*s**3 - 4*s**2 + 9*s + 10. Let l(t) = t - 17. Let n be l(12). List the prime factors of d(n).
5, 23
Let j = -17 + 25. Suppose j*s + 22 = 9*s. List the prime factors of s.
2, 11
Suppose -f - 11 = -3*y - 0, -5*y = f - 13. Suppose 0*g - 5*g + 4*x + 659 = 0, -401 = -y*g + x. What are the prime factors of g?
3, 5
Let j(t) = -28*t**3 - 2*t**2 - 2*t - 1. Suppose -3*x - 2 = -x. List the prime factors of j(x).
3
Let v = -21 + 22. What are the prime factors of 578/12 - v/6?
2, 3
Let i = 4 + 84. Let n = i - 60. List the prime factors of n.
2, 7
Let a = 1439 + -1349. What are the prime factors of a?
2, 3, 5
Let x(f) = -f**2 + 9*f - 12. Let v be x(7). What are the prime factors of 0/4 - (v + -105)?
103
Let h(v) = v**2 - 15*v - 21. Let s be h(16). Let c(x) = -15*x - 2. List the prime factors of c(s).
73
Suppose -2*r = -3*r + 9. Let v = r - -199. What are the prime factors of v?
2, 13
Let q = 2645 - 1552. What are the prime factors of q?
1093
Let i be (40/(-50))/((-2)/110). Let g = 19 + i. Suppose 2*z - g = 31. List the prime factors of z.
47
Suppose -4 = -2*p + p, -3*f + 14 = 2*p. Suppose -f*n = 5*d - 4*n - 115, 5*n - 100 = -3*d. What are the prime factors of d?
5
Let o(d) = 7*d**3 - 4*d**2 + 3*d. Let q be (-42)/4 + (-6)/(-4). Let s = 11 + q. List the prime factors of o(s).
2, 23
Let r(c) be the third derivative of c**5/60 + c**4/4 - 11*c**3/6 + 14*c**2. List the prime factors of r(-10).
29
Let z(j) = 3*j**3 - 7*j**2 - 3*j - 38. What are the prime factors of z(9)?
5, 311
Let s(y) = 5*y + 3*y - y + 5 - y. Let k be s(-4). Let n = k + 27. List the prime factors of n.
2
Let j be 2 + -1 - (-5 + 8). Let g be j/14 + 22/7. Suppose 2*w = -g*w + 75. List the prime factors of w.
3, 5
Suppose -9*u + 678 = -132. What are the prime factors of u?
2, 3, 5
Let v(l) = 24*l**2 + 12*l + 40. What are the prime factors of v(-3)?
2, 5, 11
What are the prime factors of (1 + 0)/(5 - 6) + 76?
3, 5
Let q(g) = 5*g + 11. Let o be q(15). Suppose -225 = -5*c - 3*b, c + 2*b - o = -c. What are the prime factors of c?
2, 3
Let z be (-3 - 0)*28/6. Let f = z - -16. Suppose 5 = j + f. List the prime factors of j.
3
Suppose -6*h - 480 = -h. Let a be (1/(-4))/(8/h). Suppose -5*q + a*s + 141 = 2*s, 0 = 3*q + 5*s - 79. What are the prime factors of q?
2, 7
List the prime factors of 7414/14 + (-30)/(-70).
2, 5, 53
Let c(z) = 3*z**2 + 7*z - 8. Let k be c(-6). Let d = -45 + k. List the prime factors of d.
13
Let o = -153 - -214. Let l = o - 33. List the prime factors of l.
2, 7
Suppose -2*y + 21 = 5*q, 0 = -q + 3*q + 5*y. List the prime factors of (q/15*41)/(1/9).
3, 41
Let b(r) be the second derivative of 1/2*r**2 - 33/20*r**5 + 1/6*r**3 + 0 + 0*r**4 + 6*r. List the prime factors of b(-1).
3, 11
Let v be (-230)/(-15) + (-4)/(-6). Suppose 3*n - 4*f - v = 0, 5*n + 2*f - 36 = 4*f. Suppose -3*j - 115 = -n*j. List the prime factors of j.
23
Let o(z) = z**2 - 8*z + 17. Let r be o(8). Suppose t + 4*w = -r, 3*t - 8*t + 5*w + 40 = 0. List the prime factors of t.
3
Let u = -931 + 931. Let o(a) = 2*a - 7. Let m be o(6). Suppose 3*j - g + 2*g - 55 = u, -j = 3*g - m. List the prime factors of j.
2, 5
Let v(q) = 2*q**3 + 3*q**2 + 10*q - 22. What are the prime factors of v(11)?
11, 283
Suppose 1 = -o, 0 = -q - 0*q + o + 4. Suppose -572 = -2*b - 3*s, 2*s - 286 = -b + q*s. What are the prime factors of b?
2, 11, 13
Let g = -19 + 121. What are the prime factors of (-20)/6*g/(-5)?
2, 17
Suppose 3*w = 5*t - 20, 5*t + 4 - 14 = w. Let q(p) = 3*p**2 - 2*p - 1. What are the prime factors of q(w)?
2, 3, 7
Let p be 2 + 6/14 + (-17)/7. Suppose p = 2*d - 4*x - 60, -8 = -2*d + 2*x + 54. What are the prime factors of d?
2
List the prime factors of (0 + 71)*(-1 - 6)*-1.
7, 71
Let y(v) = 4*v**2 - 15*v - 34. List the prime factors of y(-8).
2, 3, 19
Let m(f) be the third derivative of 1/10*f**5 - 1/24*f**4 + 0 - 1/120*f**6 + 0*f - 5*f**2 + 2/3*f**3. Lis